2
Calculate the greatest common factor of 97828 and 1332.
148
Calculate the greatest common divisor of 4627 and 577714.
661
Calculate the greatest common factor of 9114 and 78368.
62
Calculate the greatest common divisor of 16 and 36998.
2
What is the greatest common factor of 315 and 437661?
63
Calculate the greatest common factor of 163241 and 319.
29
What is the highest common divisor of 363440 and 1680?
560
Calculate the greatest common divisor of 1462 and 6596.
34
Calculate the highest common divisor of 188573 and 1519.
217
What is the greatest common divisor of 392 and 24416?
56
What is the highest common divisor of 2816814 and 2948?
1474
Calculate the greatest common divisor of 565327 and 21.
7
What is the greatest common factor of 48 and 17076?
12
Calculate the highest common divisor of 23604 and 168.
84
Calculate the highest common factor of 101587 and 904.
113
Calculate the greatest common divisor of 226 and 103.
1
Calculate the highest common factor of 286 and 64558.
26
Calculate the highest common divisor of 4001 and 25.
1
Calculate the greatest common divisor of 854 and 75762.
122
Calculate the highest common factor of 246 and 1818.
6
What is the greatest common divisor of 1940 and 248126?
194
Calculate the greatest common divisor of 1088 and 743376.
272
Calculate the highest common factor of 379425 and 225.
75
What is the highest common factor of 190 and 4220?
10
Calculate the greatest common divisor of 3248713 and 538.
269
What is the highest common divisor of 1257287 and 76?
19
What is the highest common factor of 60 and 2353980?
60
Calculate the highest common factor of 17 and 624240.
17
Calculate the highest common divisor of 19 and 127573.
1
Calculate the greatest common divisor of 1414 and 27068.
202
Calculate the greatest common factor of 184 and 129784.
8
What is the highest common divisor of 13250 and 5141?
53
What is the highest common factor of 1138 and 17?
1
What is the greatest common factor of 30 and 36858?
6
What is the highest common factor of 6560277 and 321?
321
What is the greatest common factor of 1342 and 913?
11
Calculate the greatest common factor of 109046 and 336.
14
What is the highest common factor of 7140 and 8582?
14
Calculate the highest common divisor of 12240 and 509490.
1530
What is the highest common factor of 715 and 140400?
65
What is the highest common factor of 4350 and 65076?
174
What is the greatest common factor of 78432 and 2432?
608
What is the highest common divisor of 455 and 8795?
5
What is the greatest common factor of 102 and 44922?
6
What is the greatest common factor of 2690688 and 1078?
1078
What is the greatest common factor of 87 and 15689?
29
Calculate the greatest common factor of 24609 and 8853.
39
Calculate the greatest common factor of 125 and 1810.
5
Calculate the highest common divisor of 444708 and 396.
396
Calculate the highest common factor of 191598 and 264.
66
What is the greatest common divisor of 1123080 and 336?
168
Calculate the greatest common factor of 910 and 72072.
182
What is the greatest common divisor of 4342 and 18370?
334
Calculate the highest common divisor of 240445 and 95.
95
Calculate the greatest common factor of 960 and 185920.
320
Calculate the greatest common factor of 1504 and 417783.
47
What is the highest common divisor of 61 and 397?
1
Calculate the highest common factor of 34 and 986.
34
Calculate the highest common factor of 63 and 5411.
7
What is the highest common divisor of 16828 and 350?
14
What is the highest common factor of 1045902 and 1012?
506
What is the highest common factor of 33870 and 120?
30
What is the greatest common factor of 3003 and 1643460?
273
Calculate the highest common divisor of 180 and 992780.
20
What is the greatest common factor of 3544 and 21256?
8
Calculate the highest common divisor of 229789 and 28.
7
What is the greatest common factor of 3 and 709?
1
What is the highest common divisor of 2308 and 170215?
577
Calculate the highest common divisor of 26243 and 56.
7
Calculate the greatest common divisor of 68 and 46223.
17
What is the greatest common divisor of 509248 and 7848?
872
Calculate the greatest common divisor of 726 and 30250.
242
Calculate the greatest common factor of 608 and 204896.
608
What is the greatest common divisor of 79513 and 49?
7
Calculate the greatest common divisor of 37354 and 273274.
1966
Calculate the highest common factor of 3818 and 161352.
166
What is the greatest common factor of 344211 and 296?
37
What is the highest common divisor of 2898 and 293986?
322
Calculate the highest common factor of 112 and 800912.
112
Calculate the highest common factor of 31146 and 609.
87
Calculate the greatest common factor of 5715 and 26035.
635
Calculate the highest common factor of 22227 and 201477.
717
Calculate the greatest common divisor of 5994 and 67266.
666
What is the greatest common factor of 81 and 8145?
9
Calculate the highest common divisor of 400 and 9725.
25
What is the highest common divisor of 177353 and 701?
701
What is the highest common factor of 1305 and 346695?
435
Calculate the greatest common divisor of 13527 and 44088.
501
Calculate the greatest common factor of 189 and 2448.
9
Calculate the highest common factor of 32304 and 7008.
48
Calculate the highest common factor of 556491 and 513.
57
What is the greatest common factor of 258 and 4042?
86
Calculate the greatest common factor of 23 and 201181.
23
Calculate the highest common divisor of 45 and 240.
15
Calculate the highest common factor of 433 and 3.
1
Calculate the greatest common factor of 15 and 673150.
5
What is the highest common divisor of 13293 and 231?
21
Calculate the highest common divisor of 119808 and 6.
6
What is the highest common divisor of 1406236 and 52?
52
Calculate the highest common factor of 80 and 3517120.
80
Calculate the highest common factor of 240660 and 20.
20
Calculate the highest common factor of 1038103 and 836.
209
What is the highest common factor of 7 and 84679?
7
What is the greatest common factor of 26 and 30823?
13
What is the greatest common divisor of 7844 and 178292?
212
What is the greatest common divisor of 1052 and 1152?
4
Calculate the highest common factor of 410 and 37146.
82
What is the greatest common factor of 7515863 and 131?
131
Calculate the greatest common divisor of 753 and 415656.
753
Calculate the highest common divisor of 30 and 10912.
2
What is the greatest common factor of 79278 and 2?
2
What is the greatest common factor of 18 and 33276?
6
Calculate the greatest common factor of 12 and 109164.
12
Calculate the greatest common divisor of 3886 and 9514.
134
What is the highest common divisor of 63 and 1596672?
63
What is the highest common factor of 6014 and 20952?
194
What is the highest common factor of 1684 and 96409?
421
Calculate the highest common factor of 145794 and 94.
94
What is the greatest common factor of 410442 and 402?
402
Calculate the highest common factor of 3243 and 1219.
23
Calculate the highest common divisor of 5754 and 3562.
274
What is the greatest common factor of 1 and 36791?
1
What is the greatest common factor of 14094 and 47241?
261
Calculate the greatest common factor of 1412370 and 270.
270
Calculate the greatest common divisor of 357885 and 81.
27
Calculate the highest common divisor of 55 and 1700.
5
Calculate the highest common factor of 312 and 1741506.
78
Calculate the greatest common factor of 450 and 349290.
90
Calculate the highest common factor of 195360 and 60192.
1056
What is the highest common factor of 224 and 326848?
32
What is the highest common factor of 18 and 948054?
6
What is the highest common factor of 1212 and 684?
12
What is the greatest common factor of 106956 and 768?
12
Calculate the greatest common factor of 94338 and 486.
54
Calculate the highest common divisor of 494 and 142386.
38
What is the highest common divisor of 19674 and 2016?
18
What is the highest common divisor of 35140 and 6412?
28
What is the greatest common divisor of 69 and 7179?
3
What is the highest common factor of 4 and 42998?
2
What is the greatest common divisor of 1219272 and 6060?
1212
What is the highest common divisor of 439 and 703?
1
What is the greatest common factor of 6301 and 89?
1
Calculate the highest common div